 the highest common factor of q and p?
52
Let z = -104 + 100. Let q be (-4 + 14/z)*-10. Suppose -2*h + 6 + 4 = 0. Calculate the highest common factor of h and q.
5
Suppose 25201*o - 25189*o = 112776. What is the greatest common divisor of 381 and o?
127
Let b(m) = -m**2 - 6*m + 362. Let k be b(13). Calculate the highest common divisor of 368 and k.
23
Let k(i) = 2*i + 39. Let x be ((-12)/10)/((-31)/310). Let c be k(x). Calculate the highest common factor of c and 72.
9
Let w(c) = c**3 - 84*c**2 - 3*c + 256. Let t be w(84). Calculate the greatest common factor of 1356 and t.
4
Suppose 2054 = 112*q - 108*q - 2*d, -4*q + 4*d + 2068 = 0. Calculate the greatest common divisor of q and 102.
102
Suppose 0 = -3*c + 2*a - 80, -2*a - 30 = 2*c + 20. Let u = c + 28. Let n be 11/(-121) - (-2009)/77. What is the greatest common divisor of n and u?
2
Let s be (-13 - -538) + -5 + -4. Calculate the highest common factor of s and 132.
12
Let v = 119 + -40. Let n = 251 - v. Calculate the greatest common divisor of n and 215.
43
Suppose 3*y = 2*l - 210 - 139, 855 = 5*l - 4*y. Let r = l - 138. What is the highest common divisor of r and 319?
29
Suppose 0 = -103*a + 1637 + 2380. What is the greatest common divisor of 195 and a?
39
Let k(j) = 18*j**2 - 19*j + 137. Let t be k(3). What is the greatest common factor of t and 1430?
22
Suppose 0 = 2*g - 93 + 1. What is the highest common factor of g and 5014?
46
Suppose -t - 1 = 2*i, -4*i + 9*i + 52 = 3*t. Suppose 0 = 2*d - 5*d - 114. Let w = d + 47. Calculate the highest common divisor of t and w.
9
Suppose -4*i + 6863 + 4138 = 5*t, 15409 = 7*t - 2*i. Suppose 5*q - f - t = 0, 0 = -66*f + 68*f - 8. Calculate the highest common factor of q and 42.
21
Suppose -22*f + 176 + 184 = 38*f. Suppose -4 + 19 = 3*w. Let r(g) = g**2 - 2*g - 6. Let h be r(w). Calculate the greatest common divisor of f and h.
3
Let o(l) = l**2 + 7*l - 13. Let s be o(-9). Suppose -c = 5*m - 3*m - 281, -c = -s*m - 309. What is the highest common factor of 34 and c?
17
Let r(i) = -115*i + 46. Let v be r(-44). Calculate the highest common divisor of 92 and v.
46
Suppose -4*h + 4*a + 2855 = -a, -2*h - 5*a = -1405. Calculate the highest common divisor of 10 and h.
10
Let l = 824 - 824. Suppose l*g + 34 = 2*n - 2*g, 0 = 4*n - 2*g - 78. Calculate the greatest common factor of n and 1188.
22
Let h be 184/(-46) - 2*2*265/(-10). Calculate the highest common divisor of 10 and h.
2
Suppose 5295 - 1275 = -12*f. Let q = 461 + f. Let z(o) = 22*o**2 - o. Let x be z(1). Calculate the highest common divisor of q and x.
21
Suppose 5*l - 350 = 4*q, -5*l + 2*q + q = -345. Let u be (l + -69)/(6/(-10)). Calculate the greatest common factor of 125 and u.
5
Suppose -4*l = l + 15, -k = 2*l - 47. Let z be (-136)/3 - (-4)/12. Let c = k + z. Calculate the greatest common divisor of c and 200.
8
Let t(y) = 16 - 2*y - 14*y**2 + 10*y**2 + 2*y**2. Let m be t(0). Suppose f + 5*j - j = m, -2*j - 2 = -2*f. What is the highest common factor of f and 36?
4
Let l be ((-4)/(8/22))/(-4 - -3). Let s = 55 - l. Calculate the greatest common factor of 66 and s.
22
Let j(p) = 2*p - 8 - 5 + 9*p**2 - 6*p**2. Let h be j(-13). Suppose 0 = -9*q + 13*q - h. Calculate the greatest common factor of 13 and q.
13
Let v be (-12)/(-30) - 1989/(-15) - -7. What is the greatest common factor of v and 250?
10
Let r be 352 + (5 - 8)*-1. Let z = r - 296. What is the greatest common factor of z and 177?
59
Suppose 210 = 59*b - 56*b. Suppose -y = 4*k - 7, -2*y - 2*k = 2*y - b. What is the highest common divisor of y and 266?
19
Suppose -2*d + 58*t + 10183 = 55*t, -3*d = 4*t - 15266. What is the greatest common divisor of 40 and d?
10
Let q be 0 - -5 - (2 + 2/(-1)). Let t be ((-22)/q)/(3 + 51/(-15)). Calculate the greatest common factor of 55 and t.
11
Suppose 10*o - 153 = -o + 551. What is the highest common divisor of 2048 and o?
64
Suppose -27 + 3 = -3*d. Let u = -66 - -85. Let i = u + -18. Calculate the greatest common factor of i and d.
1
Let r be -72*(-2)/(-4)*-1. Suppose -z - 3*c + 26 + 336 = 0, 5*z - c - 1842 = 0. Suppose 14*y - z = -242. What is the highest common factor of r and y?
9
Suppose 0 = -20*u + 3*u - 39168. Let s be ((-12)/(-16))/((-9)/u). Calculate the highest common divisor of s and 72.
24
Let o(h) = 2*h**2 - 4*h - 31. Let d(v) = v + 20. Let r be d(-7). Let s be o(r). Suppose -7*g + s = 8*g. What is the highest common divisor of 85 and g?
17
Suppose 2 = 2*b - b. Let f(z) = 0*z - 3*z + z**b - 3*z + 15 - 3*z. Let d be f(7). Calculate the greatest common divisor of d and 11.
1
Suppose -3737 - 3009 = -242*q - 696. Calculate the highest common divisor of 3275 and q.
25
Let y(v) = -4*v - 61. Let r be y(-8). Let h = r + 35. Calculate the greatest common divisor of h and 3.
3
Suppose -60*m - 108 = -72*m. Let c be (-10)/3*6/(-5). Suppose 0 = c*k - m - 39. What is the greatest common factor of 96 and k?
12
Let g be ((-30)/(-36) - (-2)/(-6))*8. Let j(v) = 4*v**3 - 6*v**2 + 5*v + 20. Let x be j(g). What is the greatest common factor of 40 and x?
40
Suppose -2*b - 16*b + 6498 = 0. Suppose -3*j + 2*n + 302 = -b, 3*n + 221 = j. Calculate the highest common divisor of 13 and j.
13
Let t be (46/2)/((-33 - -26) + 8). Suppose i = 5*i - 2*l - 278, -5*l = -3*i + 212. What is the greatest common factor of t and i?
23
Let i = 44 + -65. Suppose 18*z + 18*z - 1188 = 0. Let f be (-196)/i*z/2. What is the greatest common factor of f and 14?
14
Suppose 0 = 310*y + 148*y - 343500. What is the greatest common divisor of y and 30?
30
Let d = -138 + 271. Suppose 3*x + y = -0*y + d, 3*x + 3*y = 129. What is the greatest common factor of 27 and x?
9
Suppose -2*f + 5*z + 346 = 0, 2*z - 749 = -484*f + 479*f. What is the greatest common divisor of f and 14841?
153
Suppose -1819*w + 1811*w + 32 + 16 = 0. What is the greatest common factor of 72 and w?
6
Suppose -426 = -5*j - 4*a + 222, j = -8*a + 144. Calculate the greatest common divisor of j and 1312.
32
Suppose u - 112 = -4*w, 3*u - 46*w - 392 = -44*w. Let o = 193 - u. What is the highest common factor of 20 and o?
5
Let d(x) = -2*x**3 + 9*x + 14. Let h be d(-4). What is the highest common divisor of 8 and h?
2
Let s(v) = 13*v**2 - v. Let q be s(-1). Let l = 49790 - 49776. Calculate the greatest common divisor of l and q.
14
Let h = -78852 + 78874. Let j be (2 + -12)/((-2)/22). Calculate the greatest common factor of j and h.
22
Let a = -413 + 258. Let s = a + 204. Calculate the greatest common divisor of s and 49.
49
Suppose 36 = 5*x + 10*v - 6*v, -4*x + 27 = 5*v. Let t be ((-12)/10)/((-7574)/945 + x). What is the highest common factor of 216 and t?
27
Suppose -678 = -9*n + 15. Let k be 4/(-18 - -2)*-4. Suppose p + 4*m + k = 0, -3*p = -0*p + 3*m - 24. What is the greatest common divisor of p and n?
11
Let g = 110 + -110. Suppose g = -11*p + 2993 + 153. What is the greatest common factor of 44 and p?
22
Let a be ((-10)/(-4))/(1/8). Let t = 12756 + -12616. Calculate the greatest common divisor of t and a.
20
Let f = -920 + 876. Let o = -35 - f. Let d = 56 - 20. What is the greatest common divisor of d and o?
9
Suppose 27*t + t - 3164 = 0. Let f = -95 + t. What is the highest common divisor of f and 3?
3
Let m be 1 - 2 - (-8)/(-2) - -8. Suppose -18*v + 16*v = j - 131, 0 = -m*v - 5*j + 214. Calculate the highest common divisor of 84 and v.
21
Let c(f) = 7*f + 36. Suppose 0 = 9*p - 36*p + 459. Let i be c(p). Calculate the highest common factor of 5 and i.
5
Suppose -496*s + 9648 = -94*s. What is the greatest common divisor of 1048 and s?
8
Let x(l) = l**3 + 7*l**2 - 15*l - 30. Let k be x(-8). Suppose -5104 = -k*b - 3*b. Suppose -33 + 1 = -2*v. What is the greatest common divisor of v and b?
16
Let a(v) = -v**2 - 24*v - 138. Let o be a(-10). Suppose -2 = 2*z, o*z = 2*m + m - 170. What is the greatest common divisor of 126 and m?
14
Suppose 0 = -c + 6*t - 3*t, 4*c - 9 = 3*t. Suppose c*q - 2*s - 1655 = 0, 0 = -q - 0*q + s + 552. What is the greatest common factor of q and 19?
19
Let k = -2225 + 2396. Calculate the greatest common divisor of 589 and k.
19
Suppose -29*q = -40*q + 935. What is the highest common factor of q and 2465?
85
Let l be ((-15)/(-6) + 1)/(3*7/(-336)). Let q be (1 + 1)*(-231)/(-6). Let i = l + q. What is the greatest common factor of 14 and i?
7
Let a = 98 - 41. 